**2 + 16*n + 17. Let f(h) = -h - 1. Let u(d) = 4*f(d) + w(d). Let i be u(13). Let o(p) = -p - 10. Calculate o(i).
-10
Suppose 0*n = -4*n + 12. Suppose 0 = -0*v - 3*v + n. Let k(d) = -4*d**2 + d - 1. What is k(v)?
-4
Suppose 0 = z - 0*z - 4. Let d(w) = w + 5*w**2 - 4*w**2 - w + z + 2*w. Suppose 2*h = 4, -b - 2*h + 5 = 2*h. Give d(b).
7
Let b(m) be the second derivative of m**4/12 + 5*m**3/6 + m**2 + 45*m. Determine b(-3).
-4
Suppose -3*q = -q - 10. Let p = -11 + 18. Let z(b) = -p + 7*b - 2*b - b - 2*b. Determine z(q).
3
Let s(a) = a + 2. Let b(q) = 3*q + 5. Let n(y) = y + 1. Let u be n(3). Let l(d) = u*b(d) - 9*s(d). Determine l(-4).
-10
Let k(l) be the second derivative of l**4/12 + 3*l**3/2 + 3*l**2 - 31*l. Determine k(-7).
-8
Let j be (-2)/(-1) - 1 - 0. Let i be (5/j + -1)*-1. Let u(v) = v**2 + 5*v - 4. Give u(i).
-8
Let y = -8 + 4. Let f(a) = -3*a**2 - 5*a**2 + 172*a - 3 - 170*a. Let m(i) = -7*i**2 + i - 3. Let l(c) = -6*f(c) + 7*m(c). Give l(y).
1
Let m(t) = t**2 + 6*t + 4. Let x(d) = d. Let p be x(3). Let w = 2 + p. Suppose w*r + 38 = -4*j, -3*j + 6*j = r. Give m(r).
4
Let s(m) = m**3 + 4*m**2 + m + 2. Suppose 15 = -2*f + 9. Calculate s(f).
8
Suppose -4*q = 37 - 9. Let d(l) = l - 2. Give d(q).
-9
Let c = 32 + -22. Let v be (3/(-6))/(1/c). Let h(m) = 3*m - 5*m + 0*m - 1. Give h(v).
9
Let z(v) = -4*v. Let x(t) = -5*t. Let j(q) = 5*x(q) - 6*z(q). Give j(-1).
1
Let n be 2/(480/484) - 2. Let t(h) be the third derivative of 0*h - n*h**5 + 0*h**3 + 0 + 2*h**2 + 1/24*h**4. Determine t(0).
0
Let q(o) = -o**2 - 4*o + 5. Let b(a) = a - 3. Suppose u = 2*v + 6, 4*u + 4*v + 18 = 3*u. Let g be b(u). Determine q(g).
0
Let l(a) = -10*a. Let c(u) = 2*u**2 - 3*u + 2. Let v be c(1). Give l(v).
-10
Let s = 15 - 15. Let h be ((-40)/12 - -3)*s. Let n(f) = f - 2 + 1 - 3. Give n(h).
-4
Let p(y) be the second derivative of y**5/10 + y**4/6 + 5*y. Determine p(-2).
-8
Suppose 3*v + 5 = 23. Let m(l) = -1 - 3 + v*l - l**2 + 1. Let k be (-5)/10*-14 + (1 - 4). Give m(k).
5
Let b = 2 + -5. Suppose 20 = 3*h - 5*f, 2*f - 4 = h + 3*f. Let v(y) = -4*y + h*y - 1 + 2*y. Calculate v(b).
5
Suppose -2*k = -5*k + 6. Let c be k/8 - (-30)/8. Let w(l) = l - 1 + c + 3 - 1. Give w(0).
5
Let i = 3 - 4. Let r = i - -4. Let a(q) = 3*q**2 + r - q**3 - 2*q - 5*q**2 - 1. Give a(-2).
6
Let c(k) = k**2 + 9*k + 10. Let x be c(-8). Suppose 2*f = -2*s + 2 + 6, x*s = 2*f + 16. Suppose 3*v - s*v = -9. Let u(i) = i**2 - 2*i - 4. What is u(v)?
-1
Let o = 2 - 0. Suppose 5*s - k + 27 = 2, 3*s = -2*k - o. Let t(m) be the third derivative of -m**5/60 - 5*m**4/24 + m**3/3 + m**2. Determine t(s).
6
Let x(c) = 2*c - 2. Suppose -4*z + 2*u + 3*u - 28 = 0, 5*z + 18 = 2*u. Give x(z).
-6
Let u(l) = -l - 11. Let m be ((-20)/(-6))/((-18)/27). Let a be 2 + m + 2 + -4. Calculate u(a).
-6
Let z = -9 - -6. Let o(r) = -3*r**3 + r**2 + 3*r - 6. Let b(t) = -t**3 + t**2 - 1. Suppose 2*g + 6 = 5*g. Let d(f) = g*b(f) - o(f). Determine d(z).
-5
Let z(a) = -4*a**2 + 5*a + 2. Let j(o) = -5*o**2 + 6*o + 2. Let b(t) = 3*j(t) - 4*z(t). Suppose 1 = -4*m - 7. Let y be -3 - 2/m*6. Determine b(y).
1
Let q be (-2 + -4)*(-2 + 8/6). Let g(a) = a - 3. Calculate g(q).
1
Let x(r) = -r + 7. Let o be 4 + ((-2)/2 - -1). Suppose s = -0*y + 4*y - 10, 0 = o*s + 4*y - 60. Let v = s - 5. What is x(v)?
2
Let w be 26/143 + 0 + (-136)/22. Let k(a) = a**2 + 9*a. Let c(i) = 2*i**2 + 19*i - 1. Let y(r) = 4*c(r) - 9*k(r). Determine y(w).
-10
Let f(q) be the second derivative of q**4/12 - 2*q**3/3 + 5*q**2/2 - 41*q. Give f(6).
17
Let t(k) = 11*k**3 + 2*k**2 + 110 + 116 - 227. Determine t(-1).
-10
Let t(l) be the third derivative of -l**4/12 + l**3/6 + 6*l**2. What is t(-2)?
5
Let j(n) = -n**2 - 6*n - 3. Suppose t - 6*t - 4*v - 34 = 0, -t - 5 = -v. Give j(t).
-3
Suppose 7*n = -4*b + 3*n - 12, 0 = -4*b + 2*n + 18. Suppose -5*l - 5 = -5*f - 0, -b*f + 6 = -l. Suppose -f*q = -0*q. Let h(y) = -y**2 - y - 12. Determine h(q).
-12
Let g(w) = w - 6. Suppose -y = 2*y. Suppose 0 = -y*c - c - 5. What is g(c)?
-11
Let m(w) = 4*w**2 - w**2 + w**2. Let h = 167 + -168. What is m(h)?
4
Let o(a) = -10*a**3 - 2*a**2 - 2*a - 1. Let n(z) = 3 - 4 - 2*z + z**2 - 4. Let h be n(4). Suppose 0 = -5*f + 2*y - 0*y - 9, -f - 2*y + h = 0. Calculate o(f).
9
Let w(u) = 8*u**2 + 29*u + 16. Let k(y) = -2*y**2 - 7*y - 4. Let d(l) = 9*k(l) + 2*w(l). Calculate d(-4).
-16
Let p(w) = -11*w - 9. Let s(d) = 5*d + 4. Let x(c) = -c**3 - 7*c**2 - 4*c + 6. Let k be x(-6). Let q(f) = k*p(f) - 13*s(f). Determine q(5).
7
Let m = -21 + 19. Let u = m + -1. Let g(v) = 0 - v - 1 - 2. Calculate g(u).
0
Let y = 10 + -7. Let o(t) = t - 1. Let s(q) = -q. Let a(i) = y*o(i) + 4*s(i). Suppose 3 = -h, 7*h + 24 = 3*d + 3*h. Give a(d).
-7
Let x(v) = v - 1. Let n(a) = -10*a + 6. Suppose f + 2*f = -3*y - 21, 0 = 3*y + 4*f + 22. Let r(p) = y*x(p) - n(p). Determine r(-3).
-12
Suppose 0 = -10*x + 14*x + 4. Let m(t) = -9*t**2 + t + 1. What is m(x)?
-9
Let p(f) be the first derivative of -f**5/20 - 5*f**4/12 + 5*f**3/6 - 5*f**2/2 + 5*f - 5. Let d(q) be the first derivative of p(q). What is d(-6)?
1
Let y(o) = o**2 + 5*o + 6. Let j be y(-4). Let u(t) = 2*t + t**3 - t**2 - 3*t**2 + t**j. Let b(r) = -r**2 + 8*r - 5. Let c be b(7). Calculate u(c).
0
Let k(d) be the first derivative of d**2/2 - 4*d - 1. Suppose -x = -0*b + b + 6, -4*b + 3*x - 24 = 0. Determine k(b).
-10
Let a(x) = -x**3 - 7*x**2 - 6*x - 1. Let y = -12 + 6. Determine a(y).
-1
Let n(o) be the second derivative of -o**4/6 + 5*o**3/6 - o**2 + 3*o. Let w be ((-30)/(-35))/((-18)/(-14) - 1). Calculate n(w).
-5
Let r(l) = l**2 + 2*l - 10. Let w be r(-5). Let y(t) = 4*t - 2. What is y(w)?
18
Let r(x) be the first derivative of -x**3/3 - 3*x**2 - 5*x + 50. Give r(-5).
0
Let n(h) be the second derivative of h**3/2 + 5*h**2/2 - 28*h. Give n(-7).
-16
Let k(h) = -3 + 2 + h**3 + 4 - 6*h**2 + 3. Let o(w) = w**2 - 1. Let d(b) = k(b) + 5*o(b). Calculate d(-1).
-1
Suppose 0 = -9*j + 6*j - 15. Let g(x) = x**2 + x - 4. Let m be g(-3). Let k(b) = 2*b + 1 - m - 6*b - b**2 + 0. Give k(j).
-6
Let q = 39 - 22. Let b(n) = -5*n**2 + 10*n - 13. Let m(y) = -14*y**2 + 29*y - 38. Let j(c) = q*b(c) - 6*m(c). What is j(-6)?
-5
Suppose -3*j + 11 = 3*u - 8*j, 5*j = 5*u - 25. Let n = -3 + u. Let r(i) = 3*i - 6. Give r(n).
6
Suppose 3*i - 21 = -4*r, -5*r - 4*i + 24 = -i. Suppose -r*w + 4*w = -3. Let c(z) = z**3 + 5*z**2 + 4*z. What is c(w)?
6
Let l(f) = -2*f - 1. Let y be 1 - ((1 - 4) + 3). Let n = -1 - y. Determine l(n).
3
Suppose -2*r = r - 15. Let f(z) be the first derivative of 4 + 0*z**2 + 2 - z**2 - 1. Determine f(r).
-10
Suppose -4*n - 16 = -3*m + 5*m, 0 = -n - 5. Let p(h) = -4*h + 2. Give p(m).
-6
Let z(h) = 2*h**3 - 3*h**2 + 2*h - 2. Suppose 0 = 2*t - t - 2. Let w be z(t). Let k(f) = -f + 6. Calculate k(w).
0
Let d be 31/(-11) + (-2)/11. Let f(x) = -x**2 - 2*x + 1. Determine f(d).
-2
Suppose 0 = -r - r + 6. Let v(d) = d + d + 0*d**3 + 3*d**3 + 5*d**2 - 1 - 4*d**r. Give v(5).
9
Let o be ((-2)/1 - 4) + 0. Let u = 5 + -6. Let p(h) = h - 1. Let t(m) = -5*m + 15. Let w(s) = o*p(s) + u*t(s). Determine w(0).
-9
Let o(m) be the third derivative of m**4/8 + 44*m**2. Give o(1).
3
Let w(z) = -2 + 0*z**3 - 2*z + z**3 - 5 + 5*z**2. Let h(g) = -4*g**3 - 2*g**2 + 2*g - 1. Let s = 5 - 4. Let y be h(s). What is w(y)?
3
Let o(v) be the third derivative of -v**5/60 + v**4/12 + 7*v**3/6 + v**2. Suppose 0 = -4*n - 4, -6*n - 23 = -4*m - 3*n. Determine o(m).
-8
Let r(q) be the second derivative of -q**5/20 + 2*q**3/3 + q**2/2 - 27*q. Calculate r(3).
-14
Let b(k) = -k. Let d be -2 + 5 + (-12)/3. Determine b(d).
1
Let b(k) = 1 - k + k**3 - 1 - 1. Let m(d) = d**2 - 2*d - 1. Let o be m(0). Give b(o).
-1
Let i(u) = -8*u + 9. Let o(h) = -7*h + 8. Let v(x) = 3*i(x) - 4*o(x). What is v(4)?
11
Let m(p) = -p**2 + 1. Let s be m(-2). Let v(j) = -3*j**2 - j + 2. Let r(i) = -7*i**2 - 2*i + 4. Let l(b) = 2*r(b) - 5*v(b). Give l(s).
4
Let q = 8 + -5. Let z(l) = q*l - 4 + 12 + l - l**2. Determine z(6).
-4
Let k = -3 + 1. Let n(o) be the second derivative of -o + 3/2*o**2 + 0 + 1/3*o**3. Give n(k).
-1
Let o(b) be the third derivative of b**5/60 - b**4/6 + 5*b**3/6 + 26*b**2. Calculate o(5).
10
Let c(a) be the first derivative of -a**4/4 + a**3 - 2*a + 7. Determine c(2).
2
Suppose 5*y - 4*j = 53, y = 6*y + 4*j - 37. Suppose -3 